1 = 0, -q - 83 = -2*j. Let l be (72/j)/(2/14). Calculate the greatest common factor of 12 and l.
12
Let i = 36 + 0. Calculate the greatest common factor of i and 12.
12
Let l be (-2)/(-3)*3 - -4. Suppose 2*w = 5*k - 831, 4*k = -4*w + 122 + 554. Suppose 4*h = k + 97. What is the greatest common factor of l and h?
6
Let x be (2 - 6)*(-2 - -4)/(-2). What is the greatest common factor of 28 and x?
4
Suppose 0 = -d, 0 = 4*n + d - 9 - 7. Suppose -n*p = -5*f - 561, 5*p + 3*f + 2*f = 735. What is the greatest common divisor of p and 16?
16
Let m = 28 + 126. Calculate the greatest common factor of 14 and m.
14
Suppose 2*a + 3*a = 180. Let f = a + -26. Calculate the highest common divisor of f and 2.
2
Let t(y) = -y**3 - 9*y**2 + 10*y + 6. Let x be t(-10). Suppose -5*q + 51 = -3*p, q - 4 = 3*p - 1. What is the greatest common divisor of x and q?
6
Suppose -2*k + 131 - 9 = -4*b, 3*b + 119 = 2*k. What is the highest common divisor of k and 5?
5
Let x(y) be the second derivative of y**4/6 - y**3/6 + y. Let o be x(-2). Let b be (o/4)/1*14. What is the highest common factor of 14 and b?
7
Let c = 5 - -8. Let j(o) = -2*o**3 + 7*o**2 + 5*o - 5. Let g be j(6). Let m = 272 + g. What is the greatest common factor of c and m?
13
Let v be -2 + -3 + (1 - 1) + 44. What is the highest common divisor of 39 and v?
39
Suppose -t + 15 = 3. What is the highest common factor of 44 and t?
4
Let m(s) = -s**3 + 9*s**2 - 6*s - 7. Let p be 5/(-2)*2/(-1). Let t be m(p). Calculate the highest common factor of t and 7.
7
Let i(x) = x**2 - 9*x + 9. Let v be i(7). Let d = 55 - v. What is the greatest common factor of 24 and d?
12
Let s(l) = 2*l**2 - 2*l. Let u be s(4). Calculate the highest common factor of 16 and u.
8
Suppose 2*u + m - 106 = 0, -3*m - 24 = 2*u - 138. Let x = 81 - u. Suppose -263 = -3*n - 38. Calculate the greatest common divisor of x and n.
15
Let k(t) = -t**3 + 6*t**2 - 5*t + 2. Let b be k(5). Let p = 14 + b. What is the highest common divisor of 48 and p?
16
Suppose 2 = 4*a + 2*z + 12, 25 = 5*a - 5*z. Suppose a = 7*w - 9*w + 48. Let i = -3 + 15. Calculate the greatest common factor of i and w.
12
Let x = 155 - 59. What is the highest common divisor of 12 and x?
12
Suppose -229 = -5*l + 21. Suppose -4*u = u - l. Calculate the highest common factor of u and 40.
10
Let i be (10/25)/(2/30). Let b be (-32)/(-3)*i/4. What is the highest common factor of b and 2?
2
Let k = 24 + -13. Suppose p = 6*p - 5. Calculate the highest common divisor of p and k.
1
Let f = -8 + 8. Suppose 0 = 3*o - f - 96. Calculate the highest common divisor of o and 16.
16
Let b(w) = -w**3 - 4*w**2 + 10*w + 10. Let r be b(-6). Calculate the greatest common factor of 2 and r.
2
Let t(x) = 5 + 9 + 5*x - 13 - 3*x + 5*x**2. Let j be t(-1). What is the highest common divisor of j and 4?
4
Let o(h) = -15*h - 1. Let w be o(-1). Let q be 2 + 1 - (-1 + -3). What is the greatest common divisor of q and w?
7
Let t(w) = w**2 - 2*w - 1. Let q be t(4). Let x = q + 2. Suppose 129 - x = 4*d. Calculate the highest common divisor of 12 and d.
6
Suppose -4*d + 57 = -d. Let p = 40 - d. Suppose 19 = 2*t - p. What is the greatest common divisor of 20 and t?
20
Suppose 3*b = 2*x - 15, -5*b - 8 = 3*x + 17. Let q be 507/3 - 2 - x. Let o = q - 111. What is the greatest common factor of 7 and o?
7
Let c(h) = 6*h**2 + h - 26. Let r(w) = -w**2 + 5. Let p(t) = 2*c(t) + 11*r(t). Let a be p(3). Calculate the greatest common factor of a and 36.
18
Let l = 64 - 36. What is the highest common divisor of l and 14?
14
Let g(n) = n + 9. Let r be g(-4). Calculate the greatest common factor of r and 40.
5
Let m(u) = -u**2 + 2*u + 3. Let c be m(-2). Let t = c + 10. What is the highest common divisor of t and 20?
5
Let m be 5/(0 - 3/(-18)). Calculate the highest common factor of 20 and m.
10
Let n(z) = 2 + 1 + 1 - z**2 - 3 - 8*z. Let m be n(-4). Let f = -418 - -588. Calculate the greatest common divisor of f and m.
17
Let w(c) be the second derivative of c**5/20 - c**4/12 - c**3/6 - 5*c**2/2 - 3*c. Let a be w(4). Calculate the greatest common divisor of 26 and a.
13
Suppose j = 15 + 8. Let h = 69 + 46. Calculate the highest common divisor of j and h.
23
Let y(a) = 2*a**2 - 4*a + 8. Let f be y(4). Calculate the greatest common divisor of 60 and f.
12
Let w = -7 + 10. Let i = 2 - 4. Let o be i/(-4) + 47/2. What is the highest common divisor of w and o?
3
Suppose 4*u = 4*w - 3*w + 602, 4*u - 594 = -3*w. What is the highest common factor of u and 30?
30
Let k be ((-1)/(-2))/((-1)/2)*-3. What is the greatest common divisor of k and 33?
3
Let a(n) = n**3 - 3*n**2 + 2. Let h be a(2). Let v be 3*(-30)/(-9)*h. Let x be (-190)/(-8) + (-5)/v. Calculate the greatest common factor of x and 36.
12
Let g(q) = 8*q + 1. Let s be g(1). Let k = s - -36. Let t be (-2)/((-14)/10 - -1). Calculate the highest common factor of t and k.
5
Suppose -5*w = -3*y + 29, -y - 2*w + 20 = -8. Suppose -1 = -r + 3. Suppose r*v = v + 54. What is the highest common factor of y and v?
18
Let a = 79 + 56. Let p = -623 + 638. Calculate the greatest common divisor of p and a.
15
Suppose -3*t = -w - 9, -2*w - 6*t + 15 = -t. Let z be 0/(-1 + w) + 36. Calculate the highest common divisor of z and 12.
12
Suppose o + 3*s - 66 = 0, -3*o - 2*o + 282 = 3*s. Let k be o - 2/6*-3. Calculate the greatest common factor of k and 11.
11
Suppose 4*z - 39 = -z - 4*p, -3*z - p = -29. Let c = 29 + 64. Suppose 3*o - 79 = -4*g, 2*o + 37 = -2*g + c. What is the highest common factor of o and z?
11
Suppose -5*p + 4*c = -343, 0 = 5*p - 0*c + 5*c - 325. Suppose -5*f + p = 17. What is the greatest common factor of f and 20?
10
Let n(x) = x**3 + 2*x**2 - 6*x - 5. Let o be n(-6). Let l = o + 300. Suppose 0 = 2*m + 55 - l. Calculate the greatest common factor of m and 22.
22
Suppose 4*z - 40 = -5*q, 0*q = -z + q + 10. What is the greatest common factor of 50 and z?
10
Let r(w) = -4*w**3 + 4*w**2 + 4*w + 2. Let v be r(-2). Let c be 3 + 1*12 + -1. What is the highest common factor of c and v?
14
Let r = -480 - -766. Suppose 0 = -4*i - 26 + r. What is the greatest common factor of 26 and i?
13
Let u(q) = q**2 + 20*q - 13. Let d be u(-21). What is the highest common factor of d and 152?
8
Let z = 29 - 40. Let j = z - -16. Suppose 4*v = 2*v - 4*q + 82, -2*v + 2*q + 94 = 0. What is the greatest common divisor of j and v?
5
Let l = -14 + 13. Let d = l - -7. Calculate the highest common factor of 6 and d.
6
Let n = 9 - 4. Suppose 2*z + 65 = g, -5*z + 85 = 3*g - g. What is the highest common divisor of n and g?
5
Let r = -33 + 114. What is the greatest common factor of 9 and r?
9
Let j = 311 + -143. What is the highest common divisor of 21 and j?
21
Let o = -75 + 125. Calculate the greatest common divisor of 25 and o.
25
Suppose -5*z + 80 = -0*z - 2*x, 105 = 5*z + 3*x. Calculate the greatest common divisor of 2 and z.
2
Let f be ((-4)/8)/(1/38). Let o = -9 - f. What is the highest common factor of o and 10?
10
Suppose 2*p + 6 = -30. Let c = p - -25. What is the highest common factor of 35 and c?
7
Let f = 4 - -1. Let n be (8 + 2)*2/f. Suppose 3*w - 58 = n*q + 54, 210 = 5*w + 5*q. Calculate the greatest common divisor of w and 5.
5
Let z = 45 - 25. Let c = -18 + 28. Calculate the greatest common factor of c and z.
10
Suppose 3*z - 46 = 278. Calculate the highest common factor of z and 12.
12
Suppose -4*q - 4*x = -2*q - 84, 5*x - 51 = -q. Calculate the greatest common factor of q and 24.
12
Let n(l) = l**3 - l**2 + l - 1. Let j be n(1). Suppose -33 = -3*y + 3*s, 3*y + j*y = -4*s - 2. Calculate the greatest common factor of 15 and y.
3
Let v = -58 + 84. Calculate the highest common factor of v and 286.
26
Suppose -2*l + 70 + 48 = 0. Let o = 147 - l. Calculate the greatest common divisor of o and 11.
11
Let i = 40 - 28. Suppose 5*s = -3*q - 8 - 5, -q + 9 = -s. Suppose -2*j = -5*k - 39, 7*j + q*k = 4*j + 24. What is the greatest common factor of i and j?
12
Let y = -7 + 12. Suppose 7*c - 4*c = -a + 17, -2*a = y*c - 29. Let v be 6/(a - (-2)/(-4)). What is the greatest common factor of v and 1?
1
Suppose 6*b - 2*b = 0. Suppose -3*s + 2 + 4 = b. What is the highest common factor of s and 6?
2
Let f be 1*(-1)/(-1) + 6. Suppose -f*z - 37 = -3*j - 3*z, 4*j = -2*z + 20. What is the greatest common divisor of 70 and j?
7
Sup